 the tens digit of 4693073?
7
What is the hundred millions digit of 261271226?
2
What is the hundred millions digit of 2136063444?
1
What is the millions digit of 42486171?
2
What is the hundred thousands digit of 102115993?
1
What is the thousands digit of 2258905323?
5
What is the millions digit of 275281258?
5
What is the ten millions digit of 86630305?
8
What is the hundred thousands digit of 42288718?
2
What is the ten millions digit of 711155570?
1
What is the units digit of 201219643?
3
What is the thousands digit of 129264266?
4
What is the hundreds digit of 41073716?
7
What is the tens digit of 842974603?
0
What is the units digit of 951630654?
4
What is the millions digit of 376062803?
6
What is the thousands digit of 3910476138?
6
What is the hundred thousands digit of 1973495232?
4
What is the millions digit of 144220097?
4
What is the thousands digit of 1420480017?
0
What is the hundreds digit of 9356333432?
4
What is the ten thousands digit of 168592396?
9
What is the tens digit of 85747753?
5
What is the hundreds digit of 133400334?
3
What is the tens digit of 191317529?
2
What is the hundreds digit of 489414098?
0
What is the tens digit of 57099567?
6
What is the ten thousands digit of 87893873?
9
What is the hundred thousands digit of 94702266?
7
What is the units digit of 4428374859?
9
What is the hundred thousands digit of 139486714?
4
What is the hundred thousands digit of 383047792?
0
What is the ten millions digit of 26262990?
2
What is the ten thousands digit of 94243842?
4
What is the tens digit of 154672252?
5
What is the units digit of 285652515?
5
What is the ten thousands digit of 1013198525?
9
What is the ten millions digit of 41823034?
4
What is the tens digit of 1628851285?
8
What is the tens digit of 495815413?
1
What is the hundreds digit of 24819739?
7
What is the thousands digit of 182770054?
0
What is the units digit of 290705256?
6
What is the thousands digit of 100092869?
2
What is the hundred thousands digit of 1141388116?
3
What is the hundreds digit of 363518970?
9
What is the hundred millions digit of 169383769?
1
What is the thousands digit of 135893991?
3
What is the thousands digit of 2357718?
7
What is the millions digit of 242033370?
2
What is the hundred millions digit of 335779935?
3
What is the tens digit of 641513611?
1
What is the tens digit of 371186302?
0
What is the hundreds digit of 236421871?
8
What is the ten millions digit of 51727298?
5
What is the hundreds digit of 650748380?
3
What is the thousands digit of 204491425?
1
What is the units digit of 206343684?
4
What is the ten millions digit of 911153423?
1
What is the ten thousands digit of 578787947?
8
What is the units digit of 305921419?
9
What is the hundreds digit of 15886647?
6
What is the tens digit of 107921901?
0
What is the ten millions digit of 5991610880?
9
What is the ten millions digit of 247796722?
4
What is the millions digit of 24206892?
4
What is the millions digit of 94646228?
4
What is the hundred thousands digit of 14665166?
6
What is the hundreds digit of 48509462?
4
What is the ten millions digit of 143699064?
4
What is the hundreds digit of 355450424?
4
What is the ten thousands digit of 661813780?
1
What is the hundred thousands digit of 404380093?
3
What is the hundred millions digit of 735064276?
7
What is the millions digit of 11053395?
1
What is the ten millions digit of 39231157?
3
What is the thousands digit of 83187505?
7
What is the thousands digit of 79362607?
2
What is the hundred thousands digit of 10580412?
5
What is the ten millions digit of 31645120?
3
What is the units digit of 1364244739?
9
What is the thousands digit of 282372147?
2
What is the hundreds digit of 4643774?
7
What is the tens digit of 388796633?
3
What is the thousands digit of 788667862?
7
What is the hundred millions digit of 982476336?
9
What is the hundreds digit of 109749081?
0
What is the hundreds digit of 634035?
0
What is the hundred millions digit of 4152164129?
1
What is the tens digit of 65109223?
2
What is the billions digit of 1102923166?
1
What is the ten millions digit of 124497346?
2
What is the ten millions digit of 3669399757?
6
What is the units digit of 226223118?
8
What is the ten thousands digit of 3061843675?
4
What is the millions digit of 35431224?
5
What is the tens digit of 467660969?
6
What is the millions digit of 183996772?
3
What is the ten thousands digit of 148485262?
8
What is the thousands digit of 60731240?
1
What is the millions digit of 181804322?
1
What is the hundreds digit of 475577264?
2
What is the hundreds digit of 163903816?
8
What is the ten millions digit of 2339960861?
3
What is the units digit of 6197892540?
0
What is the thousands digit of 58420700?
0
What is the millions digit of 2816234948?
6
What is the thousands digit of 127818376?
8
What is the hundred millions digit of 873535081?
8
What is the units digit of 39931033?
3
What is the millions digit of 48608703?
8
What is the billions digit of 2204757643?
2
What is the units digit of 72224263?
3
What is the thousands digit of 66224722?
4
What is the millions digit of 329684729?
9
What is the hundreds digit of 57927646?
6
What is the ten millions digit of 114424657?
1
What is the hundreds digit of 27234565?
5
What is the units digit of 590748395?
5
What is the ten thousands digit of 43039133?
3
What is the hundreds digit of 74977881?
8
What is the millions digit of 144669805?
4
What is the hundreds digit of 1701447968?
9
What is the thousands digit of 222347291?
7
What is the ten thousands digit of 2420408641?
0
What is the tens digit of 2485351388?
8
What is the ten thousands digit of 9504628?
0
What is the units digit of 795735893?
3
What is the hundred thousands digit of 1791849645?
8
What is the hundreds digit of 350042745?
7
What is the thousands digit of 4250860?
0
What is the tens digit of 28494985?
8
What is the units digit of 52334490?
0
What is the units digit of 229265870?
0
What is the hundred thousands digit of 456709073?
7
What is the hundred millions digit of 104096771?
1
What is the hundreds digit of 59579701?
7
What is the thousands digit of 1359816828?
6
What is the ten millions digit of 3180513501?
8
What is the tens digit of 293353239?
3
What is the hundreds digit of 1329210212?
2
What is the ten thousands digit of 126783046?
8
What is the ten millions digit of 200975199?
0
What is the millions digit of 429239703?
9
What is the hundreds digit of 4194472?
4
What is the millions digit of 4746435806?
6
What is the ten thousands digit of 6125297?
2
What is the hundred millions digit of 227901483?
2
What is the thousands digit of 113461384?
1
What is the hundred millions digit of 662948960?
6
What is the ten thousands digit of 36751246?
5
What is the hundreds digit of 7974165317?
3
What is the units digit of 264495605?
5
What is the millions digit of 241359824?
1
What is the hundred millions digit of 1156089405?
1
What is the hundred thousands digit of 30039026?
0
What is the ten millions digit of 3799597510?
9
What is the thousands digit of 1898010756?
0
What is the hundreds digit of 179353897?
8
What is the ten thousands digit of 628803094?
0
What is the hundred thousands digit of 224094025?
0
What is the units digit of 2052176822?
2
What is the ten thousands digit of 80929406?
2
What is the units digit of 330937941?
1
What is the millions digit of 5374092?
5
What is the tens digit of 8711234629?
2
What is the ten thousands digit of 556395113?
9
What is the hundreds digit of 43714620?
6
What is the tens digit of 4174946732?
3
What is the millions digit of 48277028?
8
What is the units digit of 402727535?
5
What is the ten millions digit of 17493546?
1
What is the ten thousands digit of 376519015?
1
What is the hundred thousands digit of 48964049?
9
What is the tens digit of 832124164?
6
What is the hundred thousands digit of 566563075?
5
What is the hundred millions digit of 102448506?
1
What is the hundred thousands digit of 54285735?
2
What is the units digit of 647793525?
5
What is the millions digit of 39567359?
9
What is the ten thousands digit of 263823297?
2
What is the units digit of 64577003?
3
What is the millions digit of 50807350?
0
What is the units digit of 94056770?
0
What is the units digit